isor of 137332 and 6916.
988
Calculate the greatest common factor of 1156 and 12988.
68
Calculate the highest common divisor of 319 and 161689.
11
Calculate the highest common divisor of 356235 and 255.
255
What is the greatest common factor of 358 and 229?
1
Calculate the greatest common factor of 76 and 1064.
76
What is the highest common divisor of 372 and 2229?
3
What is the highest common factor of 135356 and 294139?
2603
Calculate the greatest common divisor of 6727 and 4154.
31
What is the greatest common factor of 38 and 408937?
19
Calculate the highest common factor of 207 and 2851931.
23
What is the highest common divisor of 1910 and 1139506?
382
Calculate the highest common divisor of 2413 and 8227.
19
Calculate the highest common factor of 9338 and 13846.
322
What is the greatest common divisor of 51 and 10263?
3
Calculate the greatest common divisor of 216 and 2109.
3
What is the greatest common factor of 5184 and 192?
192
What is the highest common divisor of 316 and 2026982?
158
Calculate the greatest common divisor of 943 and 25139.
23
What is the greatest common divisor of 5362 and 7?
7
What is the greatest common divisor of 8175622 and 754?
754
What is the greatest common factor of 672903 and 77?
77
What is the greatest common factor of 4431 and 63?
21
What is the highest common factor of 3695647 and 51?
17
Calculate the greatest common divisor of 2354715 and 8307.
639
Calculate the highest common factor of 275 and 52855.
55
Calculate the highest common factor of 2154 and 356846.
718
What is the greatest common divisor of 1391 and 11167?
13
What is the greatest common factor of 71548 and 1364?
124
Calculate the highest common factor of 3172 and 7514.
26
Calculate the greatest common factor of 4670 and 405.
5
Calculate the highest common factor of 2214 and 18594.
18
Calculate the greatest common divisor of 56337 and 2403.
267
Calculate the greatest common divisor of 126 and 65079.
63
Calculate the greatest common divisor of 123057 and 108.
9
What is the highest common divisor of 150735 and 195?
195
Calculate the greatest common factor of 377 and 5072158.
377
What is the greatest common divisor of 6854 and 414?
46
Calculate the greatest common factor of 210 and 29010.
30
What is the highest common factor of 123464 and 5819?
253
What is the greatest common divisor of 99 and 540963?
9
Calculate the greatest common divisor of 9447 and 13583.
47
What is the greatest common divisor of 1047009 and 402?
201
What is the highest common factor of 3545 and 975?
5
Calculate the greatest common divisor of 94691 and 368.
23
Calculate the greatest common factor of 4130 and 12530.
70
What is the highest common factor of 138240 and 24?
24
What is the greatest common factor of 52143 and 182?
91
What is the highest common factor of 34670 and 10?
10
What is the greatest common factor of 28735 and 21?
7
What is the highest common factor of 11764 and 255?
17
What is the greatest common factor of 17 and 5639512?
17
What is the highest common divisor of 5777392 and 656?
656
Calculate the greatest common divisor of 4 and 25148.
4
Calculate the highest common divisor of 331 and 214488.
331
What is the greatest common factor of 8464 and 192?
16
What is the highest common factor of 1187397 and 9?
9
What is the highest common factor of 685 and 35209?
137
What is the greatest common factor of 33 and 262317?
33
Calculate the greatest common divisor of 208938 and 63543.
1077
What is the greatest common factor of 6047753 and 181?
181
What is the highest common factor of 2 and 773039?
1
Calculate the greatest common factor of 63 and 183771.
63
What is the greatest common divisor of 26 and 3732898?
26
What is the greatest common divisor of 102210 and 120?
30
Calculate the greatest common factor of 20 and 15782.
2
What is the greatest common factor of 41664 and 294?
42
What is the highest common factor of 1173 and 425408?
391
What is the highest common factor of 129514 and 4263?
203
What is the highest common factor of 2295 and 185?
5
What is the highest common factor of 957 and 604041?
87
Calculate the highest common factor of 3207110 and 290.
290
Calculate the highest common divisor of 7232 and 187467.
113
Calculate the highest common factor of 512 and 162048.
256
What is the greatest common factor of 261 and 1136481?
87
Calculate the highest common factor of 444 and 89466.
222
What is the highest common factor of 1284 and 1212?
12
Calculate the greatest common divisor of 429 and 92268.
33
What is the highest common factor of 5649 and 78?
3
What is the greatest common divisor of 31301 and 2147?
113
What is the highest common factor of 7932 and 216?
12
What is the highest common divisor of 1739 and 7003?
47
Calculate the highest common factor of 55 and 129613.
11
Calculate the greatest common divisor of 36 and 328368.
12
Calculate the highest common factor of 7640 and 16.
8
What is the highest common divisor of 1404 and 1521?
117
Calculate the greatest common divisor of 6136 and 107432.
104
Calculate the greatest common divisor of 32422 and 58.
58
Calculate the highest common divisor of 1425000 and 152.
152
Calculate the highest common factor of 636 and 2804283.
159
What is the greatest common factor of 542124 and 1012?
44
Calculate the greatest common factor of 2397 and 102789.
141
Calculate the greatest common factor of 434 and 6076.
434
Calculate the highest common divisor of 14433 and 75561.
849
Calculate the highest common factor of 3965 and 60695.
305
Calculate the greatest common factor of 29072 and 41712.
1264
What is the highest common divisor of 36648 and 72?
72
Calculate the greatest common factor of 24585 and 135.
15
What is the greatest common divisor of 2242 and 826?
118
What is the highest common divisor of 21 and 12082182?
21
Calculate the highest common divisor of 46699 and 51.
17
What is the highest common divisor of 194 and 3293538?
194
Calculate the highest common divisor of 190176 and 6.
6
What is the greatest common divisor of 3570 and 13710?
30
Calculate the highest common divisor of 8593 and 7271.
661
What is the greatest common divisor of 4853 and 23?
23
What is the greatest common factor of 1135 and 2155?
5
What is the greatest common divisor of 73548 and 6?
6
Calculate the highest common factor of 6069 and 21.
21
Calculate the highest common factor of 2716460 and 1420.
1420
What is the greatest common factor of 5376 and 12048?
48
What is the greatest common factor of 9 and 36459?
9
Calculate the highest common divisor of 4496 and 1.
1
Calculate the greatest common divisor of 9 and 22167.
9
What is the highest common divisor of 18 and 9449262?
18
Calculate the highest common factor of 17 and 11464851.
17
What is the greatest common factor of 152 and 2216692?
76
Calculate the greatest common divisor of 4082 and 9906.
26
Calculate the greatest common factor of 137285 and 10.
5
What is the highest common factor of 833 and 763?
7
Calculate the greatest common divisor of 188 and 12868.
4
Calculate the highest common factor of 12 and 1901772.
12
Calculate the greatest common divisor of 41707 and 50095.
233
What is the greatest common divisor of 6994 and 1664?
26
What is the greatest common factor of 112 and 119?
7
Calculate the highest common factor of 20493 and 198.
99
What is the highest common factor of 116399 and 835?
167
What is the greatest common factor of 187 and 1606?
11
What is the greatest common divisor of 2320 and 507384?
232
What is the greatest common factor of 24 and 6204?
12
Calculate the highest common factor of 3101383 and 89.
89
What is the greatest common divisor of 15553 and 33784?
103
What is the greatest common divisor of 16 and 2172?
4
What is the highest common factor of 672 and 4977?
21
Calculate the greatest common factor of 126544 and 352.
176
Calculate the greatest common divisor of 3482783 and 101.
101
Calculate the highest common divisor of 7235 and 100.
5
Calculate the greatest common factor of 750 and 10050.
150
Calculate the highest common factor of 6 and 188250.
6
What is the greatest common factor of 106 and 4611?
53
What is the highest common factor of 12127 and 9050?
181
What is the greatest common divisor of 641000 and 25?
25
What is the highest common factor of 4 and 453106?
2
What is the highest 